9?
2, 3
Let n = 16 - 4. Let a = n + 0. List the prime factors of a.
2, 3
Suppose -16 = -4*q + 92. What are the prime factors of q?
3
Let s(k) = -9*k. Let n be (-8)/3*27/18. List the prime factors of s(n).
2, 3
Let p(a) = -13*a**3 + a + 1. Let w(l) = l + 4. Let y be w(-5). What are the prime factors of p(y)?
13
Let j(q) = 53*q + 11. Let z be j(5). Suppose 5*x - 2*p - z = 0, 5*x - 258 = -0*x - 4*p. What are the prime factors of x?
2, 3
Suppose -3*y + 105 = r + 2*r, -5 = -r. Suppose t - y = -2*u - 0*t, -5*t = 5*u - 65. What are the prime factors of u?
17
Suppose -10*f = -13*f + 537. What are the prime factors of f?
179
Suppose -4*a + 2*a - 343 = -5*p, -2*p + 135 = -3*a. List the prime factors of p.
3, 23
Let j = -13 + 33. List the prime factors of j.
2, 5
Let d = -11 + 18. Suppose -2*c = 2*c - 56. Let x = c - d. List the prime factors of x.
7
Let s = -33 - -38. What are the prime factors of s?
5
Suppose -30 = -l + 4*o, -3*l = -3*o - 39 - 51. List the prime factors of l.
2, 3, 5
Let x(r) = r**2 + 10*r + 14. Let f be x(-11). Suppose 0*g - 4*g - 2*c = -20, 3*g = c + f. List the prime factors of g.
7
Let d = 17 - 7. Let v = -5 + d. What are the prime factors of v?
5
Suppose 12 = 4*k, -4*a + 5*k = 16 - 1. Suppose -t - 2*t + 39 = a. What are the prime factors of t?
13
Suppose 0 = -2*s - 3*t + 44, 5*s + 0*t - t - 127 = 0. Suppose -4*q + 15 = -s. Suppose u - q = -3. List the prime factors of u.
7
Let h be 2*(-183)/(-6) + 3. Let s = h + -33. List the prime factors of s.
31
Let g(f) = -2*f**2 - 8*f - 14. Let d be g(-7). Let v = d + 79. What are the prime factors of v?
23
Let z(r) = r**2 - 3*r - 1. Let x be z(13). Suppose 4 = 5*l + w - 150, -5*w = -4*l + x. What are the prime factors of l?
31
Let c = -27 - -49. Let u be (2/(-5))/((-7)/(-140)). List the prime factors of ((-4)/u)/(1/c).
11
Suppose 0 = 2*c + 2*q - 0*q - 4, 0 = q - 3. Let x = 5 - c. What are the prime factors of x?
2, 3
Let i(u) = u**3 + 4*u**2 + 6. Let h be i(-5). Let r = 56 + h. List the prime factors of r.
37
Let g(x) be the second derivative of x**5/20 + x**4/4 - x**3/2 - 3*x**2/2 - x. Suppose -5 + 19 = -2*r + 2*c, 0 = -2*r - c - 2. List the prime factors of g(r).
2, 3
Let p(d) = d**2 + 2*d - 1. Let o be p(-3). Suppose o*t = t + 3. Suppose 6 + t = u. What are the prime factors of u?
3
Let l be 142/7 - (-6)/(-21). Suppose -l = -2*p + 3*a, -a + 31 = 5*p + a. List the prime factors of 86/p - (-6)/(-21).
2, 3
Let q(l) = -9*l**2 - l**3 - 2*l - 3*l - 4*l + 3. List the prime factors of q(-8).
11
Let g = 155 + -94. List the prime factors of g.
61
Let t(p) = 25*p**2 + 4*p - 6. What are the prime factors of t(2)?
2, 3, 17
Suppose -148 = -4*a - 4*u, 0 = -2*u - 4 - 2. What are the prime factors of a?
2, 5
Suppose -3*v + 231 = 4*i, -231 = -3*v + 2*i + i. What are the prime factors of v?
7, 11
Let y be (102/4)/((-9)/(-18)). Suppose -3*a = -3*s + y, -25 - 39 = -4*s + 2*a. What are the prime factors of s?
3, 5
Let m = -87 - -140. List the prime factors of m.
53
Suppose -6*b - 11 + 341 = 0. List the prime factors of b.
5, 11
Let k = 37 - -12. List the prime factors of k.
7
Let k(p) = -2 + 0 - p**2 + 7 + 11*p + 6. List the prime factors of k(11).
11
Let r(l) = 52*l + 24. List the prime factors of r(5).
2, 71
Let y(h) = 33*h**3 - 5*h**2 + 3*h - h - 34*h**3 - 4. List the prime factors of y(-6).
2, 5
Suppose o - 10 = 16. Let d = o + -14. Suppose 60 = 5*t + q, 0*q - 5*q = t + d. What are the prime factors of t?
13
Suppose -13 = 5*u + 47. What are the prime factors of ((-4)/8)/(1/u)?
2, 3
Let k(q) = -16*q + 6. What are the prime factors of k(-6)?
2, 3, 17
Suppose o = 2*o + 10. Suppose -3*g + 6 = -2*l, 4*l = 6*l + 2*g + 6. Let c = l - o. What are the prime factors of c?
7
What are the prime factors of 12/8 + 1/2?
2
Let j(c) = -c**2 - 5*c - 4. Let d be j(-3). Let z = -25 + 28. Suppose -r + z*s + 20 = 4*r, -3*r = -d*s - 12. What are the prime factors of r?
2
Suppose 160 + 12 = 4*v + 4*d, -2*d = -2. Suppose 0 = 3*a - 5*a + v. What are the prime factors of a?
3, 7
Let y(v) = -27*v**3. What are the prime factors of y(-1)?
3
Suppose w - 5*w = 0. Let m = -4 - -8. Suppose w*p + 20 = m*p. What are the prime factors of p?
5
Suppose -g = g - 60. Suppose 2 = 2*t - g. List the prime factors of t.
2
Let y be (-2 - 4)*(-2)/4. Suppose y*t = -d + 8, d + 2*t + 8 = 7*t. Suppose -10 + d = -x. What are the prime factors of x?
2
Let s(k) = -k - 4. Let x be s(-6). Let v(q) = -q**3 - q**2 - 1. Let r(h) = -2*h**3 - 4*h. Let y(b) = r(b) - 3*v(b). What are the prime factors of y(x)?
3, 5
Suppose -442 = -12*k + 1346. List the prime factors of k.
149
Suppose 3*s - 3*f - 6 = 0, 5*f + 3 = 2*s - 4*s. Let o = 7 + s. Suppose 3*y = o*y - 65. What are the prime factors of y?
13
Suppose -2*v - 12 = -5*v. Suppose -v = c - 14. List the prime factors of c.
2, 5
Suppose 0 = -4*a - 5*t + 226, 0*a - 5*t + 280 = 5*a. Suppose a = -3*n + 5*n. What are the prime factors of n?
3
Let d = -41 + 258. List the prime factors of d.
7, 31
Suppose 0 = 7*s - 954 - 971. What are the prime factors of s?
5, 11
Let b = 8 + -3. Suppose 2*i = b*l + 7, -4*i - 8 = 2*l - 34. List the prime factors of i.
2, 3
Let g be ((-2)/5)/((-6)/30). List the prime factors of -1 + g + (-28)/(-2).
3, 5
Suppose 106 = k - 144. Let j be k/(-35) - (-1)/7. List the prime factors of j/(-3 - -2) - -3.
2, 5
Let l(p) = -p + 1. Let w be l(-2). Suppose w*r + 2*r - 60 = 0. What are the prime factors of r?
2, 3
Let m(x) = 5*x**3 - x**2 - x + 1. Let r be m(1). Let y(p) = p**3 - 3*p**2 + p + 5. Let c be y(r). Let g = c + -7. What are the prime factors of g?
2, 3
Let g be 6 - (5 + (1 - 3)). Suppose 3*d + c = 62, g*d + 5*c + 19 - 101 = 0. What are the prime factors of d?
19
Let z = -7 + 10. Let q = z + -3. Suppose 0*s - s + 6 = q. List the prime factors of s.
2, 3
Suppose 2*p = 123 + 23. What are the prime factors of p?
73
What are the prime factors of (-31)/(-62) + 733/2?
367
Let w be (9/6)/(1/12). Let n = w + -8. Suppose 5*z - 26 = -4*d + n, -2*z = 4*d - 36. What are the prime factors of d?
3
Let a(x) = 2*x**3 - 8*x**2 + 3*x - 1. Let v be a(5). Let c = v + -102. Let n = -23 - c. What are the prime factors of n?
3, 5
List the prime factors of 3/(-3)*-2 - -9.
11
Let m be (-12)/(-9)*(-3)/2. Let n be (4/8)/(m/16). Let c(j) = -j**3 - 3*j**2 - 4. What are the prime factors of c(n)?
2, 3
Let b(m) = -24*m**3 - 2*m**2 + m - 1. Let f be b(-2). Let d = -9 + f. List the prime factors of d/36 + 4/18.
5
Let l be 2*-19*6/(-4). Suppose -3*v = -15, 5*d - 63 - l = -2*v. What are the prime factors of d?
2, 11
Let t be -1 - -6 - (-2)/(-2). Suppose 4*m + i - 44 = -0*i, 0 = 2*m + 2*i - 28. Let v = m + t. What are the prime factors of v?
2, 7
Suppose 2*u + 2*u - 409 = -3*v, 2*u + 268 = 2*v. List the prime factors of v.
3, 5
Let n(j) = -j**2 - 7*j - 6. Let p be n(-5). Suppose p*w - 34 = 34. List the prime factors of w.
17
Let k(j) = 19*j - 69. List the prime factors of k(16).
5, 47
Let t = 560 - 155. What are the prime factors of t?
3, 5
What are the prime factors of (59 - 0)*((-1)/(-1) + 0)?
59
Suppose -m + 5 = 1, 0 = 2*f - 5*m - 6. Suppose 3*l + 12 = -0*l. Let x = f + l. List the prime factors of x.
3
Suppose 4*l + 4 = -0*l. Let u be (21/5)/(l/(-5)). Suppose -2*x = -2*d - 26, -5*x - 4*d = u - 68. What are the prime factors of x?
11
Let r(y) = 7 + 0*y - 4 + y. Let i be r(-7). What are the prime factors of (-6)/i*18/3?
3
What are the prime factors of 16/(-6)*(-105)/14?
2, 5
Let v = 388 - 275. What are the prime factors of v?
113
Suppose -4*f - f = -3*r + 672, 0 = -f + 3. What are the prime factors of r?
229
What are the prime factors of (-4)/(-14) + (-402)/(-14)?
29
Suppose 2*g + 3*n = 13, 2*g + 2*n = 17 - 5. Let u = g + 14. List the prime factors of u.
19
Let l(p) = 3*p - p + 0*p - p + 4. Let s be l(10). Let w = s - 1. What are the prime factors of w?
13
Let b(f) = 2*f - 4. Suppose -a + 4*a + 15 = 5*m, m = a + 3. Let x be b(m). Let d = 5 - x. What are the prime factors of d?
3
Suppose 11*w - 10*w - 21 = 0. What are the prime factors of w?
3, 7
Suppose 0 = -4*p - 4*h + 52, 0 = -3*p - 2*h - 3*h + 43. Let m = -3 + p. List the prime factors of m.
2
Let q(b) = 3*b + 9. Let s(c) = -4*c - 14. Let d(k) = 7*q(k) + 5*s(k). Let x be d(0). Let g = 15 + x. What are the prime factors of g?
2
Let z = -9 + 0. Let y be ((z + -3)/(-3))/2. What